er when 162507 is divided by 2754?
21
What is the remainder when 24621825 is divided by 12?
9
What is the remainder when 3818625 is divided by 2266?
415
What is the remainder when 25376249 is divided by 67?
66
What is the remainder when 6404762 is divided by 785?
732
What is the remainder when 45046 is divided by 278?
10
What is the remainder when 2757427 is divided by 9284?
79
What is the remainder when 22853 is divided by 381?
374
What is the remainder when 5110187 is divided by 3940?
7
What is the remainder when 20461002 is divided by 103?
52
Calculate the remainder when 707433 is divided by 88363.
529
Calculate the remainder when 888709 is divided by 10956.
1273
Calculate the remainder when 1116898297 is divided by 11.
9
What is the remainder when 181323 is divided by 2902?
1399
What is the remainder when 1455264 is divided by 131?
116
What is the remainder when 316155 is divided by 7374?
6447
What is the remainder when 1777919 is divided by 5208?
1991
Calculate the remainder when 38053 is divided by 577.
548
What is the remainder when 2347782 is divided by 6293?
493
Calculate the remainder when 11083108 is divided by 5.
3
Calculate the remainder when 93915 is divided by 17581.
6010
What is the remainder when 5171479 is divided by 478?
475
Calculate the remainder when 1988532 is divided by 47.
9
Calculate the remainder when 54446 is divided by 1449.
833
What is the remainder when 8613617 is divided by 62?
19
What is the remainder when 6993413 is divided by 1856?
5
What is the remainder when 202393 is divided by 11756?
2541
What is the remainder when 9997019 is divided by 88?
43
What is the remainder when 240292953 is divided by 67?
66
What is the remainder when 270329 is divided by 16848?
761
What is the remainder when 3898860 is divided by 1125?
735
What is the remainder when 4340812 is divided by 1048?
1044
Calculate the remainder when 304332 is divided by 76047.
144
Calculate the remainder when 1883382 is divided by 137.
43
Calculate the remainder when 341062 is divided by 2158.
98
What is the remainder when 438781259 is divided by 42?
35
Calculate the remainder when 73173 is divided by 5620.
113
What is the remainder when 40156851 is divided by 213?
174
What is the remainder when 245187549 is divided by 749809?
6
What is the remainder when 175647 is divided by 577?
239
Calculate the remainder when 5153105 is divided by 519.
473
What is the remainder when 7479113 is divided by 3115?
3113
Calculate the remainder when 61858 is divided by 10013.
1780
Calculate the remainder when 231042 is divided by 226433.
4609
What is the remainder when 565102 is divided by 188283?
253
What is the remainder when 584913 is divided by 1158?
123
Calculate the remainder when 5746886 is divided by 1436689.
130
What is the remainder when 50875 is divided by 1220?
855
Calculate the remainder when 614925926 is divided by 106.
104
Calculate the remainder when 31934 is divided by 31232.
702
What is the remainder when 533075 is divided by 1845?
1715
Calculate the remainder when 39385058 is divided by 517.
515
What is the remainder when 1392673 is divided by 5633?
1322
What is the remainder when 7224 is divided by 181?
165
What is the remainder when 24183047 is divided by 311?
309
Calculate the remainder when 74190 is divided by 18335.
850
What is the remainder when 64501 is divided by 7153?
124
Calculate the remainder when 617158 is divided by 86.
22
What is the remainder when 1258766 is divided by 5312?
5134
Calculate the remainder when 35417 is divided by 178.
173
Calculate the remainder when 3295581 is divided by 101.
52
What is the remainder when 71275495 is divided by 4192676?
3
Calculate the remainder when 45269287 is divided by 25.
12
What is the remainder when 6207966 is divided by 8?
6
Calculate the remainder when 3094710 is divided by 1031568.
6
What is the remainder when 6482383 is divided by 1214?
837
What is the remainder when 33930 is divided by 410?
310
Calculate the remainder when 222574 is divided by 385.
44
What is the remainder when 46545 is divided by 46494?
51
Calculate the remainder when 1639582 is divided by 521.
516
What is the remainder when 25212 is divided by 12398?
416
Calculate the remainder when 587237 is divided by 293616.
5
Calculate the remainder when 1172137497 is divided by 250.
247
Calculate the remainder when 40748 is divided by 195.
188
What is the remainder when 26558380 is divided by 553?
2
What is the remainder when 2786794 is divided by 2912?
10
What is the remainder when 34013862 is divided by 299?
220
What is the remainder when 18284244 is divided by 1301?
1291
Calculate the remainder when 3036316 is divided by 74.
22
What is the remainder when 1496981 is divided by 2031?
134
Calculate the remainder when 426693 is divided by 158.
93
What is the remainder when 148432192 is divided by 4200?
4192
Calculate the remainder when 666900 is divided by 9631.
2361
Calculate the remainder when 1253544 is divided by 915.
909
What is the remainder when 10234780 is divided by 2046954?
10
Calculate the remainder when 25417389 is divided by 858.
855
Calculate the remainder when 738057905 is divided by 1918.
1915
What is the remainder when 5143008 is divided by 111804?
24
Calculate the remainder when 59059112 is divided by 1036.
896
What is the remainder when 552977 is divided by 136?
1
What is the remainder when 57350 is divided by 18911?
617
What is the remainder when 83543 is divided by 5967?
5
What is the remainder when 793521 is divided by 10574?
471
What is the remainder when 188532 is divided by 91468?
5596
What is the remainder when 64484342 is divided by 270?
242
Calculate the remainder when 991582 is divided by 495742.
98
What is the remainder when 113803 is divided by 1806?
25
Calculate the remainder when 23141708 is divided by 182218.
22
Calculate the remainder when 53033719 is divided by 1996.
1995
What is the remainder when 24512075 is divided by 28?
7
What is the remainder when 2607860 is divided by 79025?
35
Calculate the remainder when 7347401 is divided by 205.
201
Calculate the remainder when 1280304 is divided by 2013.
36
Calculate the remainder when 568819404 is divided by 595.
594
What is the remainder when 39602 is divided by 2622?
272
What is the remainder when 36645 is divided by 129?
9
What is the remainder when 9632392 is divided by 36212?
0
Calculate the remainder when 2327051 is divided by 232705.
1
What is the remainder when 504691 is divided by 1684?
1175
What is the remainder when 779457 is divided by 11296?
33
What is the remainder when 114484 is divided by 2097?
1246
What is the remainder when 898969 is divided by 21925?
44
What is the remainder when 1891296 is divided by 150?
96
What is the remainder when 76303508 is divided by 174?
158
What is the remainder when 21689147 is divided by 38?
1
Calculate the remainder when 2367157 is divided by 215190.
67
Calculate the remainder when 223322 is divided by 36958.
1574
Calculate the remainder when 58180 is divided by 57121.
1059
What is the remainder when 2502014 is divided by 95?
94
What is the remainder when 70321 is divided by 293?
1
Calculate the remainder when 5781465 is divided by 481781.
93
Calculate the remainder when 19983 is divided by 2156.
579
What is the remainder when 3952601 is divided by 3501?
3473
What is the remainder when 8323795 is divided by 1100?
95
What is the remainder when 29179 is divided by 465?
349
What is the remainder when 27749633 is divided by 43?
13
Calculate the remainder when 4821544 is divided by 1209.
52
Calculate the remainder when 360447 is divided by 51489.
24
What is the remainder when 203368 is divided by 2481?
2407
What is the remainder when 2649378 is divided by 1360?
98
What is the remainder when 7231894 is divided by 380626?
0
What is the remainder when 77136336 is divided by 1467?
9
Calculate the remainder when 37885894 is divided by 1018.
6
What is the remainder when 286814559 is divided by 40?
39
What is the remainder when 12437169 is divided by 613?
12
What is the remainder when 936736 is divided by 8441?
8226
Calculate the remainder when 822001 is divided by 8970.
5731
Calculate the remainder when 844217 is divided by 6750.
467
What is the remainder when 230569 is divided by 245?
24
What is the remainder w